ose 4*z - 8 = 2*z - k, 3*z - p*k = -6. Is ((-7756)/6)/z*-3 a prime number?
False
Suppose -7 + 15 = 2*v. Let i be -603*(v/12 + -1). Is (10/(-4))/((-3)/i) a composite number?
True
Let w = 2577 + -1560. Suppose -1019*g + w*g = -7666. Is g a prime number?
True
Let q = -298 + 589. Let b = -1541 + q. Let n = -483 - b. Is n a prime number?
False
Suppose 2*m - 500811 = -3*v, -5679*v + 2*m = -5681*v + 333880. Is v composite?
False
Let c be (-125974)/(-16) + (-9)/24. Suppose 6*k + 2611 = c. Is k composite?
False
Let n(r) be the second derivative of 15/2*r**2 + 0 + 13*r - 101/3*r**3. Is n(-6) a prime number?
False
Suppose 3*y + 123*z = 127*z + 29197, 2*y - z - 19463 = 0. Is y prime?
False
Let w be (7 - 11)*(-9)/2. Let a be (-8)/48 - (-75)/w. Suppose -957 = -a*f + 1255. Is f a composite number?
True
Suppose -62*g + 65*g = 92790. Suppose -7*l + l = -g. Is l a prime number?
False
Let k(q) = 31966*q - 15279. Is k(20) a prime number?
False
Suppose 6*f = 49 - 19. Suppose f*d - 33 = -6*d. Suppose -3*n = d*c - 468, 0*n + n + 1 = 0. Is c prime?
True
Suppose -2*s = 3*t + 1113, -346 = 4*t - 5*s + 1161. Let k = t + 666. Is k a composite number?
False
Suppose 0 = 4*q - 3781 - 5475. Let d = q + -383. Is d composite?
False
Is 1914 + -12 - (-6 - (5 + -4)) a composite number?
True
Suppose 2*p - 584 = 3*y - 168, 0 = -4*y - 3*p - 549. Let b be y/(-30) + (-2)/(-5). Suppose -j - 1840 = -2*n, b*j = -n + 663 + 246. Is n composite?
False
Let p = -1442 + 448. Let f = -345 - p. Is f prime?
False
Let n(a) = -296109*a - 13. Let d be n(-5). Suppose 1850654 = -4*k - k + 3*s, -4*k - d = 2*s. Is k/(-168) - (-2)/(-12) a prime number?
True
Let i(j) = -5*j**3 + 13*j**2 + 11*j - 17. Let g be i(10). Let f = -1956 - g. Is f prime?
False
Suppose 18*h = 12*h. Suppose -20*f + 18*f + 4306 = h. Is f prime?
True
Let u(a) = -213*a + 97. Let h be 8/(300/44 + -7). Is u(h) prime?
False
Let z(x) = -209*x**3 - 13*x**2 - 107*x - 565. Is z(-16) a composite number?
True
Let l(z) = 3*z - 5. Let i be l(3). Suppose -5*k = 2*d - 29437, -3*k - i*d - 8474 = -26139. Suppose -349 - k = -4*h. Is h composite?
False
Let o(d) = 7468*d - 1909. Is o(39) a composite number?
False
Let g = 52 - -11. Let h = -56 + g. Is h/4*(23 + 29) composite?
True
Let p be 1 + 52*(3 - (-5)/(-2)). Suppose 23*n - p*n = 252. Is 2/(-7) - 126207/n a composite number?
False
Is 2 + (-20 - -13) + 527164 prime?
True
Let h(z) = -19*z + 106. Let u be h(6). Is -3 + 5 + (205 - u) composite?
True
Suppose 1856*d = 1860*d + 5428. Let v = d - -8768. Is v composite?
False
Suppose 93*r + 16*r = -4*r + 4033309. Is r a composite number?
True
Suppose -3*f + 2*v + 2 = 0, 3*v - 2 = 2*f + 5. Suppose 5*g = f*d - 3686, 286 - 1207 = -d + g. Is d composite?
False
Let f = 59 - 41. Let q = f + -60. Is (-4)/(-14) + (-6246)/q prime?
True
Let k(g) = 158*g**2 - 13*g + 187. Is k(14) a composite number?
True
Suppose -4*r = 2*j - 4, 0 = 4*j - 2*r + 8 + 4. Let i be j - (-2 + (-3 - -1)). Suppose -i*m + 5*b + 505 = -468, 4*b = 3*m - 1449. Is m a composite number?
False
Let n(f) = f**3 + 11*f**2 - 7*f - 6. Let s(z) = -z**3 + 5*z**2 - z - 8. Let g be s(4). Suppose 0 = -g*b - 9 - 11. Is n(b) a prime number?
True
Let m be 151959/37 + -1 + -3. Let a = m + -1852. Is a composite?
False
Suppose 4*d - 1580258 = -2*w, 3*d = -4*w + 1077148 + 108023. Is d composite?
False
Let k(h) = -127*h**3 - 4*h**2 + 7*h + 5. Let i be k(-2). Let r(m) = -5*m**2 - 8*m + 6. Let a be r(6). Let x = i + a. Is x a composite number?
False
Suppose -7*q - 3 = -4*q. Let t be (-2*(-1)/2)/q. Let o(s) = 8145*s**2 + 2. Is o(t) a prime number?
True
Let j be 45/975*13*5. Let t be (33/(-1))/((-1)/147). Suppose -t = -5*q + 4*n - 900, 0 = -j*n - 12. Is q a composite number?
False
Suppose -n + 4*n - 11 = 2*w, 5*n = -w + 14. Suppose -3 = 3*i + n*o, 3 = -0*o - 3*o. Suppose 43*t - 48*t + 4765 = i. Is t a prime number?
True
Suppose -4*w - 9 = -u, 5*w - 1 = -3*u + 4*w. Is (6/(-6) + 3594)/u a composite number?
False
Suppose 2*y - 4*y = -5*b - 30, -5*y + 17 = 2*b. Let i be ((-10)/b)/(2/4). Suppose 3*l - i*x - 992 = -113, 3*x - 879 = -3*l. Is l a prime number?
True
Let l = -33018 + 135115. Suppose -19*b = 4*b - l. Is b composite?
True
Let b be (28/10)/(-4 - 402/(-100)). Let o be b/15 - ((-1)/(-3) + 0). Let u(v) = 142*v + 25. Is u(o) composite?
False
Let r(u) be the first derivative of 10*u**3/3 + 21*u**2 + 79*u - 28. Is r(-26) a composite number?
True
Let r(n) = -3*n**2 + 2*n + 1. Let s be r(-1). Let b(z) = 2*z**3 + 9*z**2 + 2*z - 7. Let l be b(s). Is (-2)/4 + 1259/2*l a prime number?
False
Suppose -2*m - 3*z - 455 + 134 = 0, 5*z = 25. Is (-1797)/(2/(-7) - (-24)/m) a prime number?
False
Is -1 + -8 - ((-4)/(-14) + 47607222/(-91)) a composite number?
True
Suppose 757 + 323 = -15*g. Is (381*40/g)/(2/(-6)) a composite number?
True
Let n = -102341 - -194122. Is n a prime number?
True
Suppose -7*w = -93 - 82. Suppose -1065 = 30*r - w*r. Is (13/2)/(r/(-106) - 2) a prime number?
False
Let t(d) = 4170*d**2 - 4*d + 37. Is t(-7) a composite number?
True
Let z = 164 - 180. Is 8876/(-10)*40/z a composite number?
True
Suppose -3*u + 2*a + 4901551 = 0, u = a + 964998 + 668853. Is u prime?
False
Let x = -152204 + 401347. Is x a composite number?
False
Let v = -196 - -304. Suppose 5*h + 27350 = 3*x, -2*x = -x + 4*h - 9111. Suppose -u - v = -x. Is u a prime number?
True
Let x(u) = 153*u**2 - 248*u + 332. Is x(77) a prime number?
True
Suppose 0 = -3*f + m - 666, 244 = -f - 2*m + 29. Suppose 213 + 5377 = 13*t. Let p = t + f. Is p composite?
True
Is (-503046)/(-8)*168/126 - -8 a prime number?
False
Let o = 77 - 105. Is 126/o*(-5414)/3 composite?
True
Suppose -w + 0*w = -4*l + 3, 16 = -2*w - 2*l. Let f(o) be the third derivative of -83*o**4/8 - 2*o**3/3 - 2*o**2 + 11. Is f(w) composite?
True
Suppose 2*w = -4*w + 14760. Suppose -j = 2*z - 932, 5*z - w = j - 130. Suppose 0 = -m + 5*g + z, -5*g + 932 = 3*m - m. Is m a prime number?
False
Suppose 2*s - q = 458, -s - 4*s + 1127 = 2*q. Suppose -s*n + 226*n + 3079 = 0. Is n composite?
False
Suppose l - 2*u = -150127, 4 = 3*u - 4*u. Is l/(-13) - (-10)/65 prime?
True
Let s(p) = 3*p + 26. Let t be s(-7). Suppose -t*v - 52498 = -4*y, 5165 + 60468 = 5*y - v. Is y a prime number?
True
Suppose 4*u - 4*r = -16, 0 = -0*r + r - 4. Suppose 2*d = f + f + 6706, -2*d - 5*f + 6685 = u. Suppose 9*w + w = d. Is w composite?
True
Suppose -32*o - 7432 = -95400. Is o a composite number?
False
Let h = 65 + -60. Suppose -1 - 14 = -5*o - h*z, -5*o - z + 7 = 0. Suppose -4*d = -o - 3, 3*w + 3*d - 204 = 0. Is w composite?
False
Suppose 0 = -5*j - 5*g - 0*g + 1749535, -5*g - 1399592 = -4*j. Is j prime?
True
Is (-442097)/((3 + 11)/(-14)) prime?
True
Suppose -2*p - 4*h = -216 - 1888, 5*h = 3*p - 3156. Is ((-44)/8)/((-2)/p) composite?
True
Is 15334 + (144/(-96))/(3/(-10)) prime?
False
Let x be ((-6)/7)/(60/(-280)). Is -12*((-2)/8 - 3) - x a composite number?
True
Suppose 0 = 14*d + 14 - 14. Suppose 0 = -4*l + 4*r + 17784, 5*l + d*l = r + 22218. Is l prime?
False
Let b(w) be the first derivative of -w**4/4 - 5*w**3/3 + 7*w**2 + 13*w - 5. Let y be (-12)/(-48) - (-37)/(-4). Is b(y) a composite number?
False
Suppose 4*k = -12, -4*f = -2*f - 2*k - 1032. Let d = 70 - f. Let o = 890 - d. Is o a prime number?
False
Suppose 1851*t = 1813*t + 6726. Suppose 7*w - 2480 = 2*w. Let g = w - t. Is g a prime number?
False
Let x be ((-8)/20)/(2/(-20)). Let z be -6 + -1 - 12/x. Is -499*(7 + z + (1 - -1)) composite?
False
Let r(c) = -c**3 + 9*c**2 - 22*c + 8. Let a(x) = 4*x - 33. Let f be a(12). Let g be r(f). Let o = g - -3329. Is o a prime number?
True
Let u(h) = 294*h**2 - 7*h + 3. Let l(i) = -5*i. Let o(v) = v. Let p(y) = -l(y) - 6*o(y). Let t(b) = -3*p(b) + u(b). Is t(2) a prime number?
True
Let v = 92648 - -314259. Is v a prime number?
True
Suppose -2*y + 3*s - 10 = 0, -s - 5 = y - 6*s. Is (-5749 - (y - -12))*9/(-12) a prime number?
False
Suppose 5*k - 190428 = -102030 + 152077. Is k a prime number?
False
Suppose -14*s - 728 = -4172. Suppose -s*v + 243*v + 46203 = 0. Is v a prime number?
True
Let p = -408 - -793. Suppose -389*x = -p*x - 18916. Is x prime?
True
Suppose -13 = -5*y - 18, 2*t - 259905 = -y. Is t composite?
False
Suppose 0 = 261*w - 82440116 - 146577727. Is w composite?
False
Let w(b) = 94*b**3 + 2*b**2 - 5*b + 2. Let y(l) = l**2 + 8*l +